*3 + 27*a**2 + 92*a + 40. What is the hundreds digit of b(30)?
1
Suppose -5*c + 617 = 4*w, -5*c + 481 = 3*w - 138. Let q = c + -72. Suppose 4*v = q + 75. What is the tens digit of v?
3
What is the hundreds digit of (83685/(-28))/(-5) + 3/12?
5
Suppose 2*b - 4*i = -2*b + 788, -i + 205 = b. Suppose 5*n - 69 - b = 0. What is the units digit of n?
4
Let f(q) = -48*q + 48. What is the units digit of f(-9)?
0
What is the tens digit of 2/(-3) - ((-184)/6 - -4)?
2
Suppose -2514 = i - 5*i + 2*j, 4*j - 2496 = -4*i. What is the units digit of i?
7
What is the hundreds digit of (7112/(-16))/7*-2?
1
Let y(v) = -5*v - 27. Let b be y(-6). Suppose 7*j - 543 - b = 0. What is the tens digit of j?
7
Let l(h) = 67*h + 10. Let s be l(2). Let v = -38 + s. What is the units digit of v?
6
Let z(n) = n**3 - 36*n**2 + 28*n + 54. What is the units digit of z(36)?
2
Let z = -41 + 1794. What is the thousands digit of z?
1
Let q be 4/(-1) - (-56)/8. Suppose -2*s - q*s + 2*m + 290 = 0, m = 5*s - 295. What is the units digit of s?
0
Let d = 47 - 48. What is the tens digit of 102 - (-4 + 6 + d)?
0
Let g(p) = -p - 8. Let z be g(-3). Let u(h) = 2*h**2 - 5*h - 12. What is the units digit of u(z)?
3
What is the thousands digit of (-6)/(7/(25676/(-21)))?
1
Let k be (3 - 4)/(4/(-20)). Suppose z - k*m = 4*z - 36, -z = -5*m - 12. What is the units digit of z?
2
Suppose 53*x - 11*x - 5502 = 0. What is the tens digit of x?
3
Suppose -x = -0 - 2. Let y(r) = -r**3 - 2 - x*r + 0*r**2 + 2*r**3 + 2*r**2. What is the units digit of y(-2)?
2
Suppose i = 2*h - 9, 6*i + 5 = i. Suppose -6*f = -h*f - 42. Suppose 3*k = 3*w - f, 0 = 4*w - 7*k + 2*k - 25. What is the units digit of w?
0
Let j = -23 - -48. Suppose -2*o - j = 3*z, -4*z - 4*o - 32 = -0*o. Let f = z + 14. What is the units digit of f?
5
Let c = -567 + 592. What is the units digit of c?
5
Suppose 61 + 23 = -4*c. Let y be 132/(-7) + c/147. Let d = y - -77. What is the units digit of d?
8
Let i(o) = -o**3 - 14*o**2 - 3*o - 23. Let l be i(-14). Let x(q) = q**3 - 2*q**2 - 2*q. Let b be x(3). Suppose -l = -b*r + 2*r. What is the units digit of r?
9
Let k(f) = 5*f**2 - 5*f + 5. Suppose -5*o - 6 - 22 = 4*c, -2*o = -5*c - 2. What is the hundreds digit of k(o)?
1
Let t(v) = v + 7. Let o = 10 + -12. Let g(b) = -1. Let r(s) = o*t(s) - 18*g(s). What is the units digit of r(-9)?
2
Let h(d) = 30*d**2 + 4 + 1 - 22*d - 56*d**2 + 25*d**2. What is the tens digit of h(-21)?
2
Let n be (-30)/8*(-11)/((-66)/24). What is the tens digit of -2 + 2414/10 - 9/n?
4
Let k(t) = -25*t**3 - 10*t**2 - 20*t - 7. What is the units digit of k(-4)?
3
What is the thousands digit of 41128/18 + (-11)/(-99)?
2
Suppose 256 - 1228 = -z + 5*h, -2*h = -z + 987. What is the units digit of z?
7
Let r(q) be the first derivative of -q**3/3 + 3*q**2 + 9*q + 33. What is the units digit of r(5)?
4
Let d(w) = -51*w - 313. What is the tens digit of d(-15)?
5
Let x(u) = -5 - 3 - 4 + 10*u + u**2. What is the tens digit of x(-20)?
8
Let s(i) = 4*i**2 + 8*i + 4. What is the tens digit of s(8)?
2
Let m be (-10)/8 - 115/(-92). Suppose m*b = -6*b + 306. What is the units digit of b?
1
Let z = 1 - -7. Suppose -z*r + 835 = -3*r. Suppose 0*u = -5*b - 3*u + r, 0 = 4*b - 5*u - 141. What is the tens digit of b?
3
Suppose -360 + 1051 = v + 2*l, -2*v - 2*l = -1374. Let w = v + -362. What is the tens digit of w?
2
What is the hundreds digit of ((-160)/(-20))/(0 + (-4)/(-274))?
5
Let n(f) = f**2 - 9*f + 12. Let b be n(8). Suppose -b*o - 241 = -753. What is the units digit of o?
8
What is the units digit of ((-1263)/(-15))/(16/400)?
5
Let x(v) = 3*v**2 + 2*v + 4. Let k be x(8). Suppose l - 57 = -3*z, 3*l + 4*z = -l + k. What is the tens digit of l?
5
Let q = 62 + -16. Let d = q - 32. Let a = d + 34. What is the units digit of a?
8
Let h(y) = y**2 - 3*y - 24. Let l be h(7). Suppose l*n - 338 = 3*m + 278, -473 = -3*n + 5*m. What is the units digit of n?
1
Let d(a) = -3*a + 37. Let m be d(13). What is the units digit of (2370/(-20))/(-3*m/(-8))?
8
Let j(n) = 52*n + 79. What is the hundreds digit of j(5)?
3
Suppose -a + 0 = -2*j - 11, -4*j - 2 = 2*a. Suppose -5*x + 20 = a. Let c(g) = 6*g**2 - 4*g + 3. What is the units digit of c(x)?
5
Suppose -2*x + 9 = -5*x. What is the tens digit of (-14)/(-42) + (-95)/x?
3
Suppose 6 = 4*z - z. Let n = z + -2. Let c = n - -1. What is the units digit of c?
1
Let k be -5 + 12 + -6 - (-63 - 0). Let d = k - 42. What is the units digit of d?
2
Suppose 38708 = 44*b - 22100. What is the hundreds digit of b?
3
Let n(w) = -2*w + 0*w + 9 - 3*w - w**3 - 7*w**2. What is the units digit of n(-7)?
4
Suppose 4*c + 238 = 2*j, 2*c + 5*j = c - 65. What is the units digit of (-4)/2 - c - 4?
4
Let c(d) be the first derivative of d**4/6 - 2*d**3/3 + d**2/2 - 7*d + 4. Let v(s) be the first derivative of c(s). What is the tens digit of v(4)?
1
Let c = 234 - 101. Suppose -6*m + 71 = -c. What is the tens digit of m?
3
Suppose z = -4*n + 26, -18 = -3*z + n + 2*n. Let c = 11 + z. What is the tens digit of c?
2
Let r(m) = -45*m - 10. Let u be r(-7). Suppose -68 = -k + 2*o, 3*o + 0*o = 5*k - u. What is the tens digit of k?
5
Let c(o) = -o**3 + 5*o**2 + o. Let g be c(5). Suppose 4*s = v + 85, -g*s - v + 83 = -s. Let n = 41 - s. What is the units digit of n?
0
Let x = -54 - -72. Suppose -2*q - x = -46. What is the units digit of q?
4
Let s be (235 - (-1 + 1))*(1 + 0). Suppose -2*b - 2*c + 852 = 2*b, 5*c + s = b. What is the hundreds digit of b?
2
Let s = -4199 + 7816. What is the hundreds digit of s?
6
Let a be -2 - (4/(-10) + 402/5). Let q = -55 - a. What is the units digit of q?
7
Let m = -48 + 133. What is the tens digit of m?
8
Suppose 2*h = 3*q - 2, -2*h = -2*q - 2*q + 2. Suppose q = -g + 4 - 3. What is the tens digit of g/(-5) - 101/(-5)?
2
Let g = 1295 + -747. What is the units digit of g?
8
Let z = 22 + -15. Suppose -318 = -z*w + w. What is the tens digit of w?
5
Suppose 3*r + 13 = 4*n, 6 = 2*n + 5*r - 7. Suppose -19 + 83 = n*u. What is the units digit of u?
6
Let q = -6696 - -10045. What is the hundreds digit of q?
3
Suppose 4*s + 3*n = 20, 4*n - 20 = -5*s + 6. Suppose -138 = -2*b - s*z - 0*z, 135 = 2*b + z. What is the units digit of b?
6
Let c be 30/7 - 6/21. Suppose 0 = -d - 2*d - 3, -d - 41 = c*g. Let u = g - -17. What is the units digit of u?
7
Suppose 0*w + w = 3*p + 13, 4*w + 4*p - 36 = 0. Let m(f) = f**2 + 8*f - 7. Let s be m(-9). Suppose w + 4 = s*u. What is the units digit of u?
7
What is the hundreds digit of (1236/(-28))/((-6)/42)?
3
What is the hundreds digit of (-4239)/5*-1 + 1/5?
8
What is the units digit of (3/(-6))/((-4)/(-596))*-10?
5
What is the tens digit of 3*307 + (-32)/(-4) + -10?
1
Suppose -y - v + 753 = -18, 0 = y - v - 779. What is the units digit of y?
5
Suppose -86 = -2*s - 4*f + 162, 0 = -5*s - f + 620. What is the tens digit of s?
2
Suppose -16*w = -36*w + 1180. What is the units digit of w?
9
Let m(i) be the third derivative of -i**5/60 + 7*i**4/8 + 17*i**3/6 - 22*i**2. What is the tens digit of m(15)?
0
Suppose 0 = 4*a + 3*n - 223 - 137, -450 = -5*a - n. What is the tens digit of ((-52)/(-3))/(20/a)?
7
Let s(n) = -n + 18. What is the tens digit of s(-17)?
3
Let p = -107 - -100. Let s(f) = -f**3 - 2*f**2 + 8*f + 9. What is the hundreds digit of s(p)?
1
Let h(a) be the third derivative of a**6/360 + a**5/15 + a**4/3 + 2*a**3/3 + a**2. Let w(l) be the first derivative of h(l). What is the units digit of w(-7)?
1
Let w be 470/(-3 + 0 - -4). Let v = -269 + w. Suppose -4*t = -v + 21. What is the units digit of t?
5
Let p(w) = -5*w**3 + 3*w**2 - 6*w + 4. What is the tens digit of p(-5)?
3
Suppose 3*w + 2*b - 9 = -0, -2*b = -5*w + 31. Suppose 2*t + 3*t - c = 25, 0 = w*c. Suppose -56 = -t*v + 3*j, 4*j - 3*j + 32 = 3*v. What is the units digit of v?
0
Suppose -23*r = -28*r + 785. What is the tens digit of r?
5
Suppose -40*u + 38*u + 3040 = 0. What is the units digit of u?
0
Let m(h) = -2*h - 4. Let f be m(-3). Suppose 6 = f*c + 4. What is the units digit of 7 + -2 + (c - 1)?
5
Let u be -1*1/((-4)/(-8)). Let b be 210/(u/(-4) + 1). Suppose -4*h = -9*h + b. What is the units digit of h?
8
Suppose 3*r - 3*b - 618 - 168 = 0, -5*r - 2*b = -1289. What is the hundreds digit of r?
2
Let d(y) = 102*y + 18. Let n be d(6). Suppose -n = -7*l - 0*l. What is the tens digit of l?
9
Let